 + -11 + 14 - 3?
-1
3 - (-13 + 6 - -6)
4
What is the value of (-2 - -2) + (9 + -2 - 5)?
2
(1 - 2 - -2) + (5 - 2)
4
Calculate 1 - (3 - (-2 - -10) - -9).
-3
-2 - -6 - (41 - 41)
4
3 - (1 + -4 - -4)
2
Evaluate (0 - -7) + -10 - 2.
-5
Evaluate 1 + 3 - (-1 - 0 - -4).
1
Calculate 5 + (-2 - -8) + -16.
-5
Calculate -4 - (-3 + -3 - -2 - -4).
-4
What is the value of 5 - (-4 + 6 + -1)?
4
What is the value of -30 - -27 - (1 + -9)?
5
Calculate -53 + 63 - (12 - 2).
0
3 - (-4 - -2 - -6)
-1
1 + -1 - (-6 - -7 - 3)
2
Evaluate (1 - 6) + 0 + 9.
4
-1 + -4 + 3 + 0
-2
What is -8 - (0 + -11 + 4 + 7)?
-8
What is the value of -6 + -2 + 1 - 3?
-10
Calculate 3 + -2 + 4 + -1.
4
Evaluate (-3 - 14 - -10) + 1 + 3.
-3
3 - (-13 + 10) - 2
4
(-9 - -5) + 2 + 3
1
Evaluate 0 - (-9 + -3 + 5).
7
What is -3 - (14 - 11 - (7 - -2))?
3
What is the value of -3 + (-6 + 1 - (-11 - -9))?
-6
What is the value of (-3 - -4) + 11 + -12 + -1?
-1
What is (-7 - -13) + (-5 - (11 + 0))?
-10
0 - (-3 + 3) - -1
1
Calculate 2 + (-1 + -5 - (-3 - -4)).
-5
Evaluate (-9 + -7 - -5) + 10.
-1
What is -10 + 10 + 0 + -4?
-4
Evaluate (-1 + 4 - -1) + -7.
-3
Evaluate 0 - (-4 - -2 - -1).
1
4 + (0 + 1 - 6)
-1
What is 0 - 2 - (22 + -31)?
7
-2 + (-4 - -4) + 3
1
Evaluate -1 + -4 - (-2 + -2 - 1).
0
What is the value of -1 + 2 + (2 - -1)?
4
Evaluate 1 + 0 - (-11 - (17 + -24)).
5
What is 11 - (13 + 0 + -10)?
8
What is 9 + -1 - (9 + -4)?
3
What is the value of 11 + 5 + (-8 - 4)?
4
What is (-4 - 4) + (2 - (-2 + -1))?
-3
-53 + 48 - (0 + 1)
-6
-3 + -1 + 1 - -6
3
Calculate 3 + -1 - ((-4 - -1) + 7).
-2
What is the value of (1 + -5 - -2) + 4 - 3?
-1
What is the value of -6 + (-1 + -1 - -5 - 0)?
-3
Evaluate (-16 - -1 - -5) + 5.
-5
-30 + 34 + -1 + (-1 - -3)
5
(3 + -2 - (2 + -4)) + 1
4
-10 - -15 - -8 - (-2 + 6)
9
5 - -5 - (15 - 7)
2
What is the value of 14 - (8 + -7) - (0 + 3)?
10
(-9 - -15 - 14) + -1
-9
What is the value of 7 - (2 + -3 + 2 + 1)?
5
Calculate 6 - 1 - -1 - 3.
3
(-5 + 3 + 4 - -7) + -4
5
-13 + (-6 - -3) + 12
-4
What is the value of (1 - 5) + (14 - 18)?
-8
What is the value of 1 - 3 - (3 + (-5 - -6))?
-6
Evaluate 34 + -35 - (-5 + 0).
4
What is 1 + (2 + -8 + 0 - -3)?
-2
What is (-1 - 1) + (-8 - 4 - -9)?
-5
Calculate 1 - -3 - (8 + 22 + -20).
-6
Evaluate 2 - ((2 - 6) + 4).
2
-2 + -5 + 1 - -8
2
Evaluate 4 + (3 + -1 + -2 - 4).
0
Evaluate 0 - -4 - (0 - -4).
0
What is -4 - (1 - (2 - (1 - 0)))?
-4
Evaluate 11 + -14 - (-3 - (4 + -8)).
-4
Calculate -6 + 9 + -5 + 5 - 3.
0
2 + -6 + 3 + 0
-1
Calculate -2 + (9 - (7 - 5)).
5
What is 3 + 0 + -1 + -1 - -1?
2
What is the value of 43 - 35 - (-1 - -3)?
6
Calculate 0 + -4 + 0 - -5 - 1.
0
Evaluate 0 - (1 + 4 + 0).
-5
What is the value of 2 + 1 + (-6 + -5 - -4)?
-4
What is 6 + (6 - 3 - 6)?
3
Evaluate 4 + (0 - (11 + -7)).
0
What is 2 - (-4 + -6 + 11)?
1
Calculate -1 + 2 - (-7 - -3).
5
Calculate 2 - (7 + (-12 - (-2 + 2))).
7
Calculate -6 - -1 - (-5 - (-16 + 12)).
-4
Calculate (6 - 0) + -3 + 8 + -5.
6
-6 + 2 + -4 + 6 - 0
-2
What is -5 + (10 - -4) + (-20 - -14)?
3
What is the value of (5 - 1) + -6 - -3?
1
What is (-9 - -15) + -20 + 3?
-11
Calculate -18 + 1 + (2 - -4) - -3.
-8
Evaluate 1 + 3 + -11 + 14 + -16.
-9
(-8 - 2) + 2 - (4 + -7)
-5
Evaluate 9 + (-6 + 11 - 4).
10
What is (-41 - -36) + 14 + 1?
10
What is the value of (1 - (-5 + 4)) + (-1 - 2)?
-1
-3 + (6 - 0) - (8 + -5)
0
Calculate 6 - (12 + (5 - (-4 - -15))).
0
Calculate -427 + 437 - (5 + 1 + -1).
5
What is the value of -2 + -2 + (3 - (-4 + 2))?
1
What is the value of -3 + -2 - -13 - 4?
4
What is 0 - -4 - 1 - 8?
-5
Calculate (1 - 5) + 2 - (2 + -1).
-3
Calculate -4 + -3 + 6 - -3.
2
Calculate 9 - (11 + (-8 - -3)).
3
What is the value of (-1 - (-1 - -1)) + 2 + -2?
-1
Calculate -4 - (-2 - ((-4 - -4) + -3)).
-5
What is -1 + (-4 - -2) + 35 + -29?
3
Evaluate 1 + -3 + (0 - (4 + -2)).
-4
Calculate 14 + (5 - (1 + 7) - 1).
10
Evaluate 5 + 2 + (2 - 5).
4
Calculate -2 + -1 + (5 + -17 - -9).
-6
What is 0 - (7 + -6 - 1)?
0
What is 3 - (-1 + 17 + (58 - 64))?
-7
What is the value of 3 + (-3 - 0) - (2 - 4)?
2
Evaluate 4 + -5 + -7 - -9.
1
Calculate -2 + 3 + -4 + 3 + -2.
-2
0 + (-3 - -5) + 0
2
What is the value of -2 - (1 + -1) - (-1 - -2)?
-3
Calculate -9 - (-2 - (5 + -3)).
-5
What is the value of -5 - 0 - -2 - 2?
-5
What is the value of -11 + (-7 - -25) - -1?
8
Evaluate 10 - (1 + -8 + 15 + -6).
8
What is the value of 1 + -1 + (-7 - -3 - -2)?
-2
-4 + -1 - -7 - 2
0
What is (-3 - -11) + -8 + 0?
0
Calculate -5 + -3 + 8 + -2.
-2
What is (0 - 1) + 1 + (46 - 47)?
-1
What is the value of (1 + -10 - (-31 - -28)) + 5?
-1
What is the value of -10 + 15 + -9 - -10?
6
Calculate 2 + (2 - 4) - (1 + 2).
-3
(3 - (-3 + (3 - -1))) + -3
-1
2 - (-4 + (-1 - -2))
5
Evaluate -5 + 1 + (-15 + 15 - -5).
1
-2 - (4 + -1 - 0)
-5
Calculate -1 + (2 - 1) + -1 + -1.
-2
-9 + -9 + (-5 - -20)
-3
What is -1 + (2 - 4) + 3?
0
Evaluate -6 - (7 - (13 - 0)).
0
What is the value of (-6 + 3 - 1) + -3?
-7
What is (1 - 5 - (3 + -5)) + -3?
-5
What is (2 - -3) + -1 - 3 - -1?
2
Calculate -4 - -4 - (-2 - -8).
-6
Evaluate (-6 - -6 - 3) + 3 + 2.
2
Calculate -1 - (0 - (0 + 2)).
1
What is (-3 - -2) + -4 - (3 - 9)?
1
Evaluate (-4 - (4 - -3)) + 6 - -3.
-2
-5 + -1 + 4 + 0 + -1
-3
Calculate 1 + -2 + 3 - (2 + -4).
4
What is the value of 2 + -4 - (0 - 0)?
-2
Evaluate 7 + -1 + (7 - 0) + -4.
9
What is the value of 1 + (-7 - (3 + -6))?
-3
What is (3 - -1) + -5 + 1?
0
What is the value of 28 + -27 - (4 + 1)?
-4
Calculate (-3 - -8) + -23 + 19.
1
What is the value of -6 + 15 + (-8 - -4)?
5
What is the value of -2 + (-3 - (-1 - 3) - 1)?
-2
What is 0 + (-1 - (-5 - -7))?
-3
Calculate -324 - -325 - (-1 - 0 - -1).
1
What is 15 + -16 + (16 - 9)?
6
1 + (5 - 2) + 0
4
What is the value of 3 - (-4 - -11) - -1?
-3
What is the value of (0 - -3) + (-5 - -2) + 1?
1
Calculate (4 + -11 - -2) + 2.
-3
Calculate (0 - -7) + -4 - (0 + 7).
-4
Calculate 0 - (-4 + 0) - (-14 + 13).
5
What is -6 - (-4 + (0 - 3 - -6))?
-5
What is the value of -1 + 6 + (5 - 10)?
0
Calculate -4 + 5 - (0 + -2 + 3).
0
1 + (2 + (1 - 0) - 4)
0
Calculate -3 + (13 - (9 - 5)) - 2.
4
Calculate -2 - -2 - (-6 + 1) - 9.
-4
What is -1 + 0 + (-15 - -13)?
-3
What is the value of 1 + (-1 - 6) - (1 + -4)?
-3
Evaluate -93 - -92 - (0 - (0 + 1)).
0
Evaluate 4 + (2 - -3 - 4) + -9.
-4
Evaluate 5 + 2 + (11 + -10 - 5).
3
Calculate -4 - (-17 + 10 + -3).
6
What is the value of -7 - -2 - (9 - 8)?
-6
What is the value of 1 + 2 + -7 - (2 - 4)?
-2
What is the value of 1 - (1 + (2 - 4 - 1))?
3
Evaluate 1 + -10 + 2 + 7.
0
What is the value of -3 + 0 + (-17 - -10) - -4?
-6
What is the value of 1 + -3 + -6 + 5?
-3
What is -3 + (1 + -2 - (2 + -1))?
-5
What is (0 - (-1 + 4) - -4) + -5?
-4
What is the value of (10 - (-5 + 14)) + -10?
-9
Calculate -22 - (9 + -14) - -8.
-9
What is the value of 0 + 0 + -9 - -5 - -7?
3
Evaluate -22 + 12 + (-1 - -3) + 5.
-3
What is -11 - (-8 - 2) - (1 - -2)?
-4
-11 - 1 - (3 - (9 - 2))
-8
What is the value of -31 - -27 - ((-1 - -1) + -2)?
-2
Evaluate (2 - 2) + -8 - -12.
4
1 - 3 - (-34 + 34)
-2
Evaluate -3 - ((-5 - (3 + 5)) + 5).
5
(-5 - -3) + 1 - (-13 - -6)
6
What is the value of -10 - (-7 - -2) - (1 - 1)?
-5
What is the value of -1 + 2 - -3 - 3 - 1?
0
What is the value of -13 - -10 - (3 + -17)?
11
Evaluate 9 + (-10 - -11) - 15.
-5
Evaluate (5 - 1) + -1 + (-7 - -6).
2
Evaluate 16 + -12 + -5 + -1 + -5.
-7
What is (-5 - -2) + -3 + 3 - 2?
-5
Calculate 1 + -12 + 0 + 4.
-7
What is 4 - -1 - (-61 + 72)?
-6
What is the value of 1 - -5 - (-10 + 16)?
0
-1 + (7 - 5) - 2
-1
Evaluate -4 + (-1 - -6) + 6.
7
What is the value of -86 - -93 - (0 - -8)?
-1
4 + 4 - (-6 + 13 + -1)
2
What is the value of -1 + 2 + 1 - -3?
5
Evaluate 99 - 102 - (1 + 0 - -1).
-5
Evaluate (-3 - 3) + (12 - 0).
6
-1 - (2 + 1 + -1 + 0)
-3
(-3 - (0 - 0 - 0)) + 0
-3
Evaluate -4 + 4 + 7 - 9.
-2
Evaluate (4 - 7) + 1 - -1.
-1
What is -2 + (-3 - (3 + 1)) + 4?
-5
What is 1 + 1 + -4 + 14 + -8?
4
What is the value of 2 - 2 - 4 - -9 - 7?
-2
2 + -4 + -2 + 3
-1
Calculate -2 + (-3 - -3 - 3).
-5
Evaluate 7 + (-3 + 10 + -23 - -1).
-8
What is the value of -9 + (-9 - -14) + 0?
-4
Evaluate -1 + 1 + (-2 - -2) + -2.
-2
Calculate -12 + 3 + (7 - 1).
-3
(-3 - 0) + (-4 - -2)
-5
-2 + -8 + -7 + 25
8
What is the value of (4 - (3 - (4 + -4))) + 4?
5
What is -3 - 0 - (0 + -3)?
0
What is the value of (4 - (3 - 4)) + -8 - -1?
-2
What is (-2 - -5 - -1) +